(s) = -4*s**2 + 4*s - 28. Let a be o(j). Let t = -612 - a. What is the tens digit of t?
5
Let m(r) = -25*r + 5. Let s be m(11). Let c be (-6)/(-4)*s/(-81). Suppose -4*b = -c*n - 593, -2*b + 340 - 51 = -n. What is the units digit of b?
2
Let d(h) = -4*h. Let v be d(-5). Let f(j) be the second derivative of -j**5/20 + 7*j**4/4 - 17*j**3/6 + 19*j**2/2 + 415*j. What is the tens digit of f(v)?
7
Let o = -31887 + 51942. What is the hundreds digit of o?
0
Let a = 331 - 326. Let c(b) = 5*b**3 - 8*b**2 - 4*b - 6. What is the hundreds digit of c(a)?
3
What is the thousands digit of (376/6)/(8*1/156)?
1
Let d be (24/9 - 2)*84/7. Suppose 7*p = d*p - 5*h - 1339, 0 = 3*p + h - 4001. What is the tens digit of p?
3
Suppose -17*v = 35110 - 97126. What is the units digit of v?
8
Suppose 3*t = 4*x + 33, t = -3*t + 4*x + 40. Let w(f) = -f**3 + 17*f**2 + 10. What is the hundreds digit of w(t)?
5
Suppose -35 + 5 = -5*b. Suppose -b*y = 3*u - 696, -5*y = -4*u - 131 + 1007. What is the tens digit of u?
2
Suppose 990054 + 3390800 = 286*v + 719768. What is the tens digit of v?
0
Suppose 2*n = 115 + 175. Suppose -i + u = -558 + n, -i - 5*u = -413. What is the hundreds digit of i?
4
Let j be 40/32 + -1 + 1345/(-4). Let q = -230 - j. What is the hundreds digit of q?
1
Let b(y) = -y**2 - 10*y - 25. Let z be b(-5). Suppose 0 = j - 0*t + 4*t - 81, 2*j - 2*t - 112 = z. What is the tens digit of j?
6
Suppose -o + x + 79971 = 0, 62508 = -4*o - x + 382377. What is the ten thousands digit of o?
7
Suppose 4*q + 108 = q. Let f = 2493 - 2390. Let z = q + f. What is the tens digit of z?
6
Let b(i) = -447 + 393 + 3*i**2 - 3*i - 2*i**2. Let q be b(9). Suppose -3*z + 123 = -2*w + 363, q = 4*z. What is the hundreds digit of w?
1
Suppose 5*c = -0*d - d + 23398, 3*c - 14046 = 3*d. Suppose -c = -8*o - 928. What is the hundreds digit of o?
4
Let h be (-3)/((75/35)/(-5)). What is the tens digit of (-448)/(-12)*(756/8)/h?
0
Let a = -19727 + 29056. What is the tens digit of a?
2
Suppose 0 = -32*t + 38*t - 18. Suppose -t*o - 8870 = -13*o. What is the hundreds digit of o?
8
Let l = -73 - -346. Suppose 0 = d - 8*d + l. Suppose 5*b = -5*a + 2*b + 47, b - d = -5*a. What is the units digit of a?
7
Let z = 8017 + -562. What is the units digit of z?
5
Let v(b) = 41*b + 11 - 67 - 12 - 15. What is the units digit of v(25)?
2
Suppose 94*t + 183144 = -167*t + 2727633. What is the hundreds digit of t?
7
Suppose 16*s + 475*s = 28500586. What is the tens digit of s?
4
Let r be 51/9 - (-3)/9. Suppose r*a - a - 4*u - 1535 = 0, 3*a - 5*u = 934. What is the units digit of a?
3
Suppose -455*b + 456*b - 2*h - 9259 = 0, -2*b + 5*h + 18524 = 0. What is the hundreds digit of b?
2
Let y = -32455 + 40523. What is the units digit of y?
8
Let l(u) = u - 13. Let z be l(9). Let h = z - -5. What is the tens digit of (h + -3)/((-1)/16)?
3
Suppose 0 = -2*m + 3*i + 6, -m - 3*i + 20 + 1 = 0. Let q(c) = -22 - m + 11*c - 11*c**2 + 14*c**2. What is the hundreds digit of q(7)?
1
Suppose -8*o + 2*t = -5*o - 10, -2*o = -3*t - 10. Let m(d) = -d**2 - o*d**2 + 7*d**3 + 66 - 65 - d**2 + 6*d. What is the units digit of m(2)?
3
Let f(v) = -v - 2. Let r(d) = -228*d - 21. Let p(u) = -15*f(u) + r(u). What is the hundreds digit of p(-8)?
7
Suppose -15*q = -17*q - 80. Let a = q + 44. What is the units digit of (1 - (a + -4)) + 6?
7
Suppose -3881*q + 3886*q + i - 90086 = 0, q = 2*i + 18004. What is the thousands digit of q?
8
Suppose -45 + 17 = -4*a. Let t(r) = -28 + 10*r + 6 + 6*r. What is the tens digit of t(a)?
9
Let k(z) = 87*z**2 - 86*z + 284. What is the tens digit of k(-20)?
0
Let h(o) = 32*o**2 + 7*o + 7. Let b be h(-3). Let s = 16 + b. Let l = s - 151. What is the units digit of l?
9
Suppose -16 = -6*i + 2. Suppose -5*a + 3502 - 456 = -q, a + i*q = 606. Suppose a + 192 = 9*l. What is the tens digit of l?
8
Suppose -8 = -0*k - 4*k - 4*b, -2 = 5*k - b. Let r be (-40)/30 + 1150/3. Suppose -3*t + 11 + r = k. What is the hundreds digit of t?
1
Let o be ((-2)/(-4))/(1206/(-300) + 4). Let d = o + 28. Suppose 0 = d*a - 8*a + 165. What is the units digit of a?
3
Suppose -2*p + 16 = 4*n, 8 = -3*p + 5*n - 1. Suppose 0 = 7*i + p*i - 4671. What is the units digit of i?
9
Let p(c) = 6*c**2 + 27*c + 143. What is the tens digit of p(-9)?
8
Let j be -9 + 5 + (-1 - -1). Let q be 297/63 + -5 + 762/21. Let o = j + q. What is the units digit of o?
2
What is the units digit of 2/(-20) - 2/(-20)*29671?
7
Let x(t) = -t - 1. Let w be x(-5). Suppose 5*a - 14 = -2*g, 2*g + 17 = 2*a - g. Suppose 3*b = w*y - 274, 109 = a*y + b - 173. What is the tens digit of y?
7
Let f = 14129 - 5227. What is the tens digit of f?
0
Let t(d) = 5*d + 17. Let s be t(-3). Suppose s*w - 832 = 5*r, -4*w + 3*r + 1244 + 406 = 0. What is the units digit of w?
1
Let v be (2292/10)/((-2)/(-5)). Suppose 3*t = 2*t + v. What is the units digit of t?
3
Suppose -x - 4 = -3, -f + 20 = -2*x. Let p(y) = 19*y - 23. Let c(o) = -58*o + 68. Let n(l) = 3*c(l) + 10*p(l). What is the hundreds digit of n(f)?
2
Suppose -316 - 4196 = -6*n. Suppose f + 4*f = 800. Suppose 0 = -s - 3*k + f, -5*s - k = 2*k - n. What is the tens digit of s?
4
Suppose -3*l - 41 = -2*f, 34 - 102 = -3*f - 2*l. Suppose c + 14 = 2*c. Let x = f + c. What is the units digit of x?
6
Suppose 53*y - 5*y = 23712. What is the units digit of y?
4
Let p be (-1)/(0 - 1/(-101)). Let f be ((-15)/(-25))/(1/295). Let m = p + f. What is the units digit of m?
6
Let t = -165 - -116. Let i = t - -52. Suppose -i*x = -4*x + 83. What is the tens digit of x?
8
Let a = 10666 + -6229. What is the units digit of a?
7
Suppose 14*l - 9*l - 38526 = -2*q, 19263 = q - 3*l. What is the thousands digit of q?
9
Suppose 4*s = -3*k + 4049, 132*s - 133*s - 6*k = -986. What is the thousands digit of s?
1
What is the thousands digit of (-67)/((-4440)/261 + 17)?
5
Let w(c) = 478*c - 2502. What is the units digit of w(54)?
0
Let g = 17929 + -12526. What is the thousands digit of g?
5
Let z(r) = -r**3 - 2*r**2 - 52*r - 111. What is the tens digit of z(-17)?
0
Let t(a) be the second derivative of a**3/6 - 5*a**2/2 + 6*a. Let y be t(5). Suppose 6*o - 636 + y = 0. What is the units digit of o?
6
Suppose -172*f = 33332 - 1644112. What is the tens digit of f?
6
What is the tens digit of (1/(-2)*1)/((9775/4525570)/(-115))?
2
Let d(g) = 18*g + 18. Let k be d(-1). Suppose k = -3*h + 9, 4*h = -5*x + 34 + 108. What is the tens digit of x?
2
Let z = -3615 + 2556. Let r = -15 - z. What is the units digit of r?
4
Let l be (83/(-10)*16)/((-6)/(-45)). Let q = l - -1712. What is the tens digit of q?
1
Let h(l) = -183*l - 67*l + 164 + 62. What is the units digit of h(-7)?
6
Let q be ((-6)/(-21))/(3/21). Let p(v) = -3*v**2 - v**3 + 450 + 8*v + q*v - 444. What is the units digit of p(-6)?
4
What is the thousands digit of ((-2683660)/(-80))/(-29)*-36?
1
Let i(w) = w**2 + 4*w + 1. Let y be i(7). Suppose -4*f - 3*a - 63 = 0, a - 3*a + y = -4*f. What is the units digit of (-2)/(-6) - -3*(-766)/f?
8
Let b = -13 - -848. Let r = b - 812. What is the tens digit of r?
2
Suppose 4158 + 4678 = 4*p. What is the units digit of p?
9
Let p(y) = -549 + y + 280 + 274 + 40*y**2 - 5*y. Let v(h) = h**2 + 2*h + 2. Let q be v(-2). What is the units digit of p(q)?
7
Suppose 2*j - 1501 = 449. Let u = 73 + j. What is the tens digit of u?
4
Let i = 326 - -102. What is the tens digit of i - 5/(-10)*10?
3
Suppose -4*h + 73 = 3*l + 2*l, -h + 5*l = -12. Suppose 2*t = -3*p - h - 115, 49 = -p + t. Let o = p - -102. What is the tens digit of o?
5
Suppose u + 5906 = 221*n - 219*n, -2*u = -5*n + 14765. What is the tens digit of n?
5
Let b = -8 - -38. Let a = 51 + b. Suppose -2 = 4*d + 18, 0 = c - 5*d - a. What is the units digit of c?
6
Suppose -394*y + 4279997 = -1345929. What is the ten thousands digit of y?
1
Let x(u) = -8*u - 43. Let p be x(-9). Let o(c) = c**3 - 27*c**2 - 47*c + 32. What is the tens digit of o(p)?
5
What is the thousands digit of (2 + 11)/52*21368?
5
Let u(o) = -70*o**3 - o**2 + o + 1. Let y be u(-1). Let i be 9/((-27)/(-66))*20. Suppose -x = k - 10 - y, -5*x + i = -4*k. What is the tens digit of x?
8
Let a = 10037 + -1715. What is the thousands digit of a?
8
Suppose -4*g + 5363 = -k, 4*g + 7*k - 2*k = 5369. Suppose t = 3*b - g, 4*b + t - 1788 = 2*t. Suppose -60*p + 63*p = b. What is the units digit of p